 (-13)/(-78) + 34/12. Suppose 0*c = h*c - 117. What are the prime factors of c?
3, 13
Let p be 312/(-22) + 10/55. Let z = 48 + p. What are the prime factors of z?
2, 17
Suppose 5*o + 13097 = 3*l, -118*o = -5*l - 123*o + 21775. List the prime factors of l.
3, 1453
Suppose -8*r + x = -12*r + 13948, -10468 = -3*r + x. What are the prime factors of r?
2, 109
Let r be ((-6)/9)/(2/18). Let q = 13 + r. Suppose -3*f - 96 = -q*f. List the prime factors of f.
2, 3
Let z(k) = k**2 - 16*k - 87. What are the prime factors of z(-30)?
3, 431
Let u(x) = 6*x**2 - 42*x + 247. What are the prime factors of u(10)?
7, 61
Let o(f) = 2 + 3*f**2 + 1 + 6 - 1 + 11*f. What are the prime factors of o(-5)?
2, 7
Let s = 1112 - -25. What are the prime factors of s?
3, 379
Let b(o) = -o**2 + o - 8. Let h be b(-4). What are the prime factors of -3 + 22/8 + (-2303)/h?
2, 41
Suppose 690 = 2*b - 396. List the prime factors of b.
3, 181
Suppose 36 = -4*w - 2*m + 2384, 5*m + 565 = w. List the prime factors of w.
3, 5, 13
Suppose 0 = -5*f - 4*k + 10772, -3*f + 20*k - 17*k = -6474. List the prime factors of f.
2, 7, 11
Let i(z) = z. Let j(x) = 3*x + 1. Let u(t) = 9*i(t) - 4*j(t). Let c(f) = f**3 + 7*f**2 + f. Let v be c(-7). List the prime factors of u(v).
17
Let b(m) = 54*m**2 - 73*m. List the prime factors of b(6).
2, 3, 251
Suppose 0 = k - 4*k + 9. Suppose 0 = k*u - 126 - 30. What are the prime factors of u?
2, 13
Let r = 15 + -13. Suppose -r*f + 5*f + 84 = 0. Let h = -8 - f. List the prime factors of h.
2, 5
Suppose 2*y + 2*y - 1256 = 0. List the prime factors of y.
2, 157
Let w be (-88)/(-77)*(-14)/(-4). Let y(b) = -b**3 + 4*b**2 + 2*b + 11. List the prime factors of y(w).
19
Let x(q) = q**3 + 6*q**2 - 4*q - 4. Let m be x(-6). Suppose -3*w = 2*w - m. Suppose 129 = w*z + 5. List the prime factors of z.
31
What are the prime factors of 597/1*(38 - 37)?
3, 199
Let b = 741 + -354. What are the prime factors of b?
3, 43
Suppose -4*c = h - 3940, -5*c + 8*h + 4912 = 6*h. What are the prime factors of c?
2, 3, 41
Suppose -3*u + 5*u = -206. Let n = -1 - u. What are the prime factors of n?
2, 3, 17
Let z be 4*(-2)/(-4)*-2. List the prime factors of (222/8)/(z/(-16)).
3, 37
Let w be 5 - (-2 - -3)*-64. Let f = 106 - w. What are the prime factors of f?
37
Let z be ((-1)/(-2))/((-1)/(-6)). Suppose -16*o + 507 - 459 = 0. Suppose 15 = -o*s, 4*s + 47 = 2*b + z*s. List the prime factors of b.
3, 7
Let p = 6875 + -4734. What are the prime factors of p?
2141
Suppose -3*l + 963 = 6*l. Suppose -23 = x - l. What are the prime factors of x?
2, 3, 7
Suppose -k - 2*l = -11 - 0, 0 = 5*l - 15. Let n be 1 + -1 - 10/(-2). Suppose 4 = -2*b, k*t + 0*t - 140 = n*b. List the prime factors of t.
2, 13
Suppose 13*l - 2*l - 5808 = 0. List the prime factors of l.
2, 3, 11
Suppose -18 = 3*y - 27. Suppose -4*o + y*i + 39 = -2*o, 0 = -4*o + 2*i + 98. List the prime factors of o.
3
Let h(q) = -10*q + 25. Let s(m) = -m + 1. Let p(n) = -h(n) + 6*s(n). What are the prime factors of p(17)?
7
Let b(l) = l**3 + 2205. Let v be b(0). Suppose -v = -10*s + 3*s. List the prime factors of s.
3, 5, 7
Suppose 0 = -f - 5*l + 994, 0 = f + 3*l + 39 - 1037. What are the prime factors of f?
2, 251
Let n = -1756 - -3154. What are the prime factors of n?
2, 3, 233
Let a(t) = -3*t**2 - 2*t + 1. Let j be a(3). Suppose 4*z = -4*m + 276, 5*z - 5*m - 114 - 181 = 0. Let s = z + j. List the prime factors of s.
2
Let k(r) = -4 - 3*r + 0 + 2 + 2*r**2. What are the prime factors of k(4)?
2, 3
Let h be -20*1 - (-7 + 7). Let y be 3 - (h + (-2 - -3)). Suppose 2*b = -g + 4*g - y, -36 = -5*g + 3*b. What are the prime factors of g?
2, 3
Suppose -3*t + 1732 + 6641 = -4*y, -2*y + 2791 = t. List the prime factors of t.
2791
What are the prime factors of 1017/(-113) - (-1 + -395)?
3, 43
Let y = 1 - -15. List the prime factors of 9730/(-20)*y/(-28).
2, 139
List the prime factors of 305/(-3)*(-12 + 9 - 36).
5, 13, 61
Let x(f) = -61*f - 71. What are the prime factors of x(-6)?
5, 59
Suppose -2*z - 278 = -656. Suppose 0*x + 3*x - z = 0. What are the prime factors of x?
3, 7
Let q = -16 - -20. Suppose q*o + 71 = 3*m, 8*m = 3*m - o + 126. What are the prime factors of m?
5
Let x = -2 + 5. Suppose q + x*q - 72 = 0. List the prime factors of q.
2, 3
Let m = 831 - 187. What are the prime factors of m?
2, 7, 23
Let g(f) = f**3 + 9*f**2 + 7*f - 8. Let b be g(-8). Suppose 5*v + l - 1249 = -2*l, b = -l - 2. What are the prime factors of v?
251
Suppose -b = 4, 0*b = 4*o + 2*b + 412. Let i = o - -165. What are the prime factors of i?
2
Suppose -5*m + 4*m = -24. What are the prime factors of ((-136)/m)/(2/(-34 + -2))?
2, 3, 17
Let y = -4 - -1. Let b be (-6)/(-2) - ((-28)/(-4) + -1). What are the prime factors of ((-17)/b)/((-1)/y)?
17
Let u(t) = -3*t + 20. Let q be u(5). Suppose 2*d - 237 = 5*n, -q*d + n + 233 = -3*d. What are the prime factors of d?
2, 29
Let f(d) = 2. Let w(c) = c + 5. Let m(o) = -7*f(o) + 3*w(o). Let q be m(-1). List the prime factors of (-64)/(-6) + q/(-6).
11
Let a(p) = -4*p + 10. Suppose 0 = 15*q - 2*q + 143. What are the prime factors of a(q)?
2, 3
Suppose -4647 - 1197 = -12*d. What are the prime factors of d?
487
Let r = 2047 + -928. What are the prime factors of r?
3, 373
Suppose 260 = 5*g - 115. Suppose 4*q - 2*m = -3*m + 75, 5*q + 5*m = g. List the prime factors of q.
2, 5
Let i be 32*-13*(-1)/(-2). Let f = -133 - i. What are the prime factors of f?
3, 5
Suppose 2*r + 47 = 217. Suppose 4*n = -q + 6*n + r, -3*q - n = -234. What are the prime factors of q?
79
Suppose 2*i = 2*j + i - 208, -5*j = i - 527. List the prime factors of 20/2 - j/21.
5
Let r = 522 - 520. What are the prime factors of r?
2
Let s(u) = -26*u + 27 - 17 + 7*u. What are the prime factors of s(-3)?
67
Let j = -629 - -1774. Suppose 0 = -3*l - 3*u + 630, -4*l - 3*u + j = 306. List the prime factors of l.
11, 19
Suppose 0 = 31*b - 509 - 1909. What are the prime factors of b?
2, 3, 13
Let l be -122 + (-2)/6*(4 - 1). What are the prime factors of l/(-11) + 2/(-11)?
11
Let s(t) = 6*t**3 - t**2 + 2*t - 1. Let f = -5 + 7. Let i be (-16)/(-8)*f/4. What are the prime factors of s(i)?
2, 3
Suppose -3*z + 0*v = 5*v - 132, -4*z = 3*v - 176. Suppose 2*t = z + 72. Suppose -4*x + 2*c = -t, 23 = 4*x + 3*c + 2*c. List the prime factors of x.
2, 3
Let h be ((-4)/2)/((-6)/(-30)). Let l(q) = -3*q. Let z be l(h). Suppose 0 = n - z - 13. List the prime factors of n.
43
Let j = 20 + -7. Let w = j - -27. List the prime factors of w.
2, 5
Let n = -16 + 45. Suppose -3*r = n - 2. Let l(x) = -6*x + 3. List the prime factors of l(r).
3, 19
Let c be (-1)/3 - 80/(-6). Let j(b) = 3*b - 6. What are the prime factors of j(c)?
3, 11
Suppose f + 38 = -5*t - 431, -3*t - 275 = -f. Let y = t + 209. List the prime factors of y.
2, 29
Let s(v) = -v**3 + 7*v**2 + 4*v - 9. Suppose 4*p + 10 = 82. Let b be ((-21)/p)/(2/(-12)). What are the prime factors of s(b)?
19
Let w be (2 + -2)*(-3)/9. Suppose -5*l + 344 - 94 = w. Suppose 0 = -3*u + u - n + 58, 2*u - 3*n - l = 0. List the prime factors of u.
2, 7
Suppose 168*b - 171*b + 2 = -2*a, 2*b - 28 = -4*a. Let q be (-2)/(-2)*(2 + 5). Suppose -x - 3*k + 36 = 0, a*x + 2*k = q*k + 280. List the prime factors of x.
3, 17
Suppose -2*n + 2*g - 616 = -5*n, 3*n - g - 628 = 0. What are the prime factors of n?
2, 13
Let d(b) = 9*b**2 + 2*b - 7. Suppose 0 = -z + 4*u - 5, 0 = -4*z + 3*u - 20. Let p be d(z). Suppose 5*i = p + 32. What are the prime factors of i?
2, 3
Suppose -5*h = 413 - 3278. Suppose -3*t = 4*l + 22 - h, -4*t - 382 = -3*l. What are the prime factors of l?
2, 67
Suppose -83*p + 13182 = -70*p. What are the prime factors of p?
2, 3, 13
Let v = -6 + 10. Let l be 1896/22 - v/22. Suppose 0 = z + 4*b - 2*b - 10, 5*z - l = 2*b. List the prime factors of z.
2
Suppose 0 = -2*t + 7 + 1. Suppose 2*m - 40 = w + 6, t*m - 56 = w. What are the prime factors of 77/4 + (-27)/w?
2, 5
Suppose -1689*d - 3740 = -1694*d. What are the prime factors of d?
2, 11, 17
What are the prime factors of 8/(-6)*(-1095)/2?
2, 5, 73
Let b = -497 - -830. List the prime factors of b.
3, 37
Suppose -8*b - 40 = -3*b. Let y be (-4)/b*(5 + -1). List the prime factors of 2/y*29 - 0.
29
Let f = -2688 + 3912. List the prime factors of f.
2, 3, 17
Let m be ((-2 - -3)*-2)/((-1)/518). Suppose m = -0*w + 7*w. List the pr